tors of 8502.
2, 3, 13, 109
List the prime factors of 585.
3, 5, 13
What are the prime factors of 61117?
7, 8731
What are the prime factors of 11187?
3, 11, 113
What are the prime factors of 6344?
2, 13, 61
List the prime factors of 23676.
2, 3, 1973
What are the prime factors of 1575?
3, 5, 7
List the prime factors of 15327.
3, 13, 131
What are the prime factors of 13927?
19, 733
What are the prime factors of 25483?
17, 1499
What are the prime factors of 71?
71
What are the prime factors of 4721?
4721
What are the prime factors of 46354?
2, 7, 11, 43
List the prime factors of 41472.
2, 3
List the prime factors of 39046.
2, 7, 2789
What are the prime factors of 5012?
2, 7, 179
List the prime factors of 1076.
2, 269
What are the prime factors of 5032?
2, 17, 37
What are the prime factors of 10860?
2, 3, 5, 181
List the prime factors of 16447.
16447
List the prime factors of 34238.
2, 17, 19, 53
What are the prime factors of 59679?
3, 19, 349
List the prime factors of 4250.
2, 5, 17
List the prime factors of 6213.
3, 19, 109
List the prime factors of 499.
499
What are the prime factors of 370?
2, 5, 37
List the prime factors of 15162.
2, 3, 7, 19
What are the prime factors of 2053?
2053
What are the prime factors of 690?
2, 3, 5, 23
List the prime factors of 44254.
2, 7, 29, 109
List the prime factors of 11601.
3, 1289
List the prime factors of 91433.
91433
What are the prime factors of 720?
2, 3, 5
What are the prime factors of 27817?
27817
List the prime factors of 12413.
12413
List the prime factors of 87109.
11, 7919
What are the prime factors of 2409?
3, 11, 73
What are the prime factors of 78527?
19, 4133
What are the prime factors of 26805?
3, 5, 1787
List the prime factors of 1629.
3, 181
What are the prime factors of 17096?
2, 2137
List the prime factors of 18218.
2, 9109
List the prime factors of 1411.
17, 83
What are the prime factors of 1655?
5, 331
List the prime factors of 555.
3, 5, 37
List the prime factors of 3318.
2, 3, 7, 79
List the prime factors of 2361.
3, 787
What are the prime factors of 2446?
2, 1223
What are the prime factors of 3252?
2, 3, 271
List the prime factors of 17028.
2, 3, 11, 43
List the prime factors of 2612.
2, 653
What are the prime factors of 1391?
13, 107
What are the prime factors of 2594?
2, 1297
What are the prime factors of 9649?
9649
What are the prime factors of 37892?
2, 9473
List the prime factors of 6106.
2, 43, 71
List the prime factors of 1622.
2, 811
What are the prime factors of 1381?
1381
What are the prime factors of 9116?
2, 43, 53
What are the prime factors of 27423?
3, 11, 277
List the prime factors of 3906.
2, 3, 7, 31
List the prime factors of 2438.
2, 23, 53
What are the prime factors of 1688?
2, 211
List the prime factors of 700.
2, 5, 7
What are the prime factors of 66326?
2, 13, 2551
List the prime factors of 1141.
7, 163
List the prime factors of 102742.
2, 47, 1093
List the prime factors of 37087.
37087
List the prime factors of 1358.
2, 7, 97
List the prime factors of 72669.
3, 24223
List the prime factors of 273.
3, 7, 13
List the prime factors of 8733.
3, 41, 71
What are the prime factors of 409?
409
What are the prime factors of 3271?
3271
List the prime factors of 14934.
2, 3, 19, 131
What are the prime factors of 2309?
2309
List the prime factors of 5650.
2, 5, 113
List the prime factors of 4729.
4729
What are the prime factors of 40872?
2, 3, 13, 131
What are the prime factors of 22052?
2, 37, 149
List the prime factors of 523.
523
List the prime factors of 153.
3, 17
What are the prime factors of 50716?
2, 31, 409
List the prime factors of 3243.
3, 23, 47
List the prime factors of 1258.
2, 17, 37
What are the prime factors of 24350?
2, 5, 487
List the prime factors of 1714.
2, 857
What are the prime factors of 653?
653
List the prime factors of 6244.
2, 7, 223
List the prime factors of 5935.
5, 1187
List the prime factors of 17617.
79, 223
What are the prime factors of 800?
2, 5
List the prime factors of 20079.
3, 23, 97
What are the prime factors of 631?
631
List the prime factors of 52244.
2, 37, 353
List the prime factors of 57482.
2, 41, 701
What are the prime factors of 1978?
2, 23, 43
What are the prime factors of 40807?
13, 43, 73
What are the prime factors of 30956?
2, 71, 109
List the prime factors of 14007.
3, 7, 23, 29
List the prime factors of 95605.
5, 19121
List the prime factors of 1236.
2, 3, 103
List the prime factors of 8144.
2, 509
What are the prime factors of 124853?
124853
List the prime factors of 1925.
5, 7, 11
What are the prime factors of 8422?
2, 4211
List the prime factors of 2575.
5, 103
List the prime factors of 2507.
23, 109
What are the prime factors of 1197?
3, 7, 19
List the prime factors of 47830.
2, 5, 4783
What are the prime factors of 472?
2, 59
List the prime factors of 5977.
43, 139
What are the prime factors of 3739?
3739
List the prime factors of 743.
743
What are the prime factors of 106395?
3, 5, 41, 173
List the prime factors of 793.
13, 61
What are the prime factors of 1523?
1523
List the prime factors of 4717.
53, 89
List the prime factors of 14.
2, 7
What are the prime factors of 21707?
7, 443
What are the prime factors of 2993?
41, 73
List the prime factors of 1008.
2, 3, 7
What are the prime factors of 127480?
2, 5, 3187
List the prime factors of 4831.
4831
List the prime factors of 6441.
3, 19, 113
List the prime factors of 3359.
3359
List the prime factors of 57839.
57839
What are the prime factors of 4200?
2, 3, 5, 7
What are the prime factors of 2388?
2, 3, 199
List the prime factors of 5021.
5021
List the prime factors of 106.
2, 53
List the prime factors of 47915.
5, 7, 37
List the prime factors of 93606.
2, 3, 15601
List the prime factors of 28330.
2, 5, 2833
What are the prime factors of 24024?
2, 3, 7, 11, 13
What are the prime factors of 787?
787
List the prime factors of 667.
23, 29
List the prime factors of 15215.
5, 17, 179
What are the prime factors of 20781?
3, 2309
List the prime factors of 35847.
3, 7, 569
List the prime factors of 34415.
5, 6883
List the prime factors of 16837.
113, 149
List the prime factors of 2174.
2, 1087
List the prime factors of 14828.
2, 11, 337
What are the prime factors of 3095?
5, 619
List the prime factors of 22928.
2, 1433
List the prime factors of 1656.
2, 3, 23
What are the prime factors of 11119?
11119
What are the prime factors of 1742?
2, 13, 67
List the prime factors of 1027.
13, 79
List the prime factors of 42842.
2, 31, 691
What are the prime factors of 2758?
2, 7, 197
What are the prime factors of 1311?
3, 19, 23
What are the prime factors of 33979?
11, 3089
List the prime factors of 627.
3, 11, 19
What are the prime factors of 105270?
2, 3, 5, 11, 29
List the prime factors of 48698.
2, 13, 1873
What are the prime factors of 29967?
3, 7, 1427
List the prime factors of 2454.
2, 3, 409
What are the prime factors of 1900?
2, 5, 19
What are the prime factors of 972?
2, 3
List the prime factors of 707.
7, 101
List the prime factors of 3315.
3, 5, 13, 17
List the prime factors of 30452.
2, 23, 331
What are the prime factors of 49474?
2, 29, 853
List the prime factors of 55443.
3, 18481
What are the prime factors of 938?
2, 7, 67
List the prime factors of 92911.
7, 13, 1021
List the prime factors of 1364.
2, 11, 31
What are the prime factors of 7276?
2, 17, 107
What are the prime factors of 14375?
5, 23
List the prime factors of 1085.
5, 7, 31
What are the prime factors of 3452?
2, 863
What are the prime factors of 1669?
1669
List the prime factors of 3534.
2, 3, 19, 31
What are the prime factors of 825?
3, 5, 11
List the prime factors of 5781.
3, 41, 47
What are the prime factors of 1254?
2, 3, 11, 19
List the prime factors of 12615.
3, 5, 29
What are the prime factors of 60725?
5, 7, 347
What are the prime factors of 12968?
2, 1621
What are the prime factors of 109805?
5, 21961
What are the prime factors of 14193?
3, 19, 83
What are the prime factors of 793?
13, 61
What are the prime factors of 686?
2, 7
List the prime factors of 9542.
2, 13, 367
List the prime factors of 1000.
2, 5
List the prime factors of 27149.
17, 1597
List the prime factors of 17146.
2, 8573
What are the prime factors of 649?
11, 59
List the prime factors of 9973.
9973
List the prime factors of